- 42*z + 234. Give n(16).
74
Let o(p) = 82*p - 2142. Calculate o(27).
72
Let x(z) = 7361*z + 22081. Determine x(-3).
-2
Let p(m) = 31*m - 1875. Calculate p(60).
-15
Let i(g) = 3*g**2 - 62*g + 184. What is i(17)?
-3
Let r(s) = -11*s**2 + 75*s + 26. Calculate r(7).
12
Let f(r) = 629*r + 9438. What is f(-15)?
3
Let n(r) = 46*r + 602. Calculate n(-12).
50
Let l(s) = 1234*s - 78979. Calculate l(64).
-3
Let y(w) = -2*w**3 - 7*w**2 + w - 576. Determine y(-8).
-8
Let l(s) = s**3 - 65*s**2 - 67*s + 303. Calculate l(66).
237
Let g(q) = 6*q**2 + 80*q - 17. Give g(-14).
39
Let j(k) = -5*k - 68. Give j(27).
-203
Let f(w) = 2*w**2 + 240*w - 1056. Calculate f(-123).
-318
Let i(z) = 1806*z + 63215. Determine i(-35).
5
Let s(l) = 2*l**3 - 25*l**2 - 6*l - 16. Give s(13).
75
Let o(b) = 2*b**2 - 316*b + 8953. Give o(121).
-1
Let l(i) = -3*i**2 + 12*i + 1575. Give l(-21).
0
Let p(d) = -2*d**3 - 52*d**2 + 21*d + 523. Determine p(-26).
-23
Let i(b) = -2*b**3 - 20*b**2 + 11*b + 30. Give i(-12).
474
Let p(v) = -207*v + 25664. Determine p(124).
-4
Let t(l) = -14*l**3 - 5. Give t(2).
-117
Let w(x) = 3*x**2 - 856*x - 9792. Give w(-11).
-13
Let d(o) = 36*o - 363. What is d(10)?
-3
Let c(r) = -2635*r + 2631. Determine c(1).
-4
Let j(h) = -3*h + 69. Determine j(35).
-36
Let i(c) = 58*c**2 + 10*c - 22. Calculate i(2).
230
Let l(q) = -5*q**3 + 110*q**2 - 10*q + 61. Determine l(22).
-159
Let w(s) = 2*s**3 - 18*s**2 + 38*s + 9. Give w(4).
1
Let f(z) = 6*z**3 + 127*z**2 + 27*z + 120. Give f(-21).
-6
Let n(v) = 102*v + 3198. Give n(-31).
36
Let y(n) = 4*n**3 + 9*n**2 + 55*n + 108. Calculate y(-2).
2
Let m(z) = -138*z + 1324. Determine m(10).
-56
Let y(k) = k**3 - 6*k**2 - 18*k + 100. Give y(6).
-8
Let w(p) = 51*p - 204. Give w(5).
51
Let h(n) = -930*n - 243665. Give h(-262).
-5
Let r(q) = 77*q + 10932. Determine r(-142).
-2
Let w(g) = g**3 - 11*g**2 + 37*g - 2. Give w(5).
33
Let u(a) = 9805*a + 49023. What is u(-5)?
-2
Let h(m) = -126*m - 4921. Determine h(-39).
-7
Let g(v) = -378*v - 6767. What is g(-18)?
37
Let x(c) = c**3 - 306*c**2 + 2097*c - 35. Determine x(7).
-7
Let x(s) = 248*s - 846. What is x(5)?
394
Let s(m) = 3*m**2 - 5*m + 9. What is s(2)?
11
Let k(g) = -g**3 - 119*g**2 - 1473*g - 257. Determine k(-105).
58
Let o(g) = -g**3 + 32*g**2 - 63*g - 126. What is o(30)?
-216
Let d(r) = -r**2 + 659*r + 660. What is d(-1)?
0
Let t(d) = -d**3 + 2*d**2 - 2*d + 223. Give t(0).
223
Let v(n) = -34*n + 551. Give v(16).
7
Let p(i) = -25*i**3 - 5*i**2 - 4*i + 10. Give p(-2).
198
Let u(o) = -741*o + 4506. Give u(6).
60
Let n(o) = -o**3 - 32*o**2 + 192*o + 52. Determine n(-37).
-207
Let d(r) = -3*r**3 - 81*r**2 + 77*r + 2. Determine d(1).
-5
Let b(w) = 12*w + 616. What is b(-54)?
-32
Let s(k) = 3*k + 154. What is s(-96)?
-134
Let z(n) = 60*n - 1449. Give z(19).
-309
Let w(n) = -81*n**2 - 400*n - 38. What is w(-5)?
-63
Let f(t) = -358*t + 38. Calculate f(-3).
1112
Let g(c) = 2*c**3 + 111*c**2 - 291*c - 46. Calculate g(-58).
12
Let v(l) = l**2 + 25*l - 33. Calculate v(12).
411
Let n(k) = 61*k + 1564. Give n(-28).
-144
Let y(a) = a**2 + 70*a + 287. Give y(-4).
23
Let i(j) = 113*j + 5469. Determine i(-48).
45
Let o(w) = 8*w + 72. What is o(5)?
112
Let y(n) = 164*n - 819. What is y(5)?
1
Let t(n) = -5*n**3 - 8*n**2 + 8*n + 8. Give t(-3).
47
Let w(y) = -32*y + 147. Give w(8).
-109
Let u(p) = p**3 - 43*p**2 + 122*p - 75. Determine u(40).
5
Let t(a) = -23*a + 1109. Give t(48).
5
Let t(d) = 75*d + 4339. What is t(-58)?
-11
Let f(z) = z**2 - 70*z + 348. Calculate f(61).
-201
Let j(k) = 2*k**2 - 18*k + 53. Calculate j(11).
97
Let n(u) = u**3 + 14*u**2 - 30*u + 48. Determine n(-16).
16
Let m(k) = k**3 + 14*k**2 - 10*k + 70. Give m(-15).
-5
Let y(o) = -8555*o - 51309. Calculate y(-6).
21
Let d(o) = -2*o**3 + 83*o**2 + 26*o + 678. Give d(42).
6
Let c(o) = 6*o + 124. Determine c(-23).
-14
Let b(r) = -399*r - 1993. Give b(-5).
2
Let k(g) = g**3 - 27*g**2 + 31*g - 103. Give k(26).
27
Let k(a) = -a**3 - 12*a**2 + 20*a - 13. Give k(-12).
-253
Let v(d) = 3889*d - 15563. Give v(4).
-7
Let m(r) = 2*r**2 + 182*r - 19412. What is m(63)?
-8
Let j(y) = -y**3 + 25*y**2 + 49*y - 596. Calculate j(26).
2
Let r(l) = -88*l - 6157. What is r(-70)?
3
Let r(j) = -34*j**2 - 259*j + 386. What is r(-9)?
-37
Let k(w) = -3*w**2 - 288*w - 3023. Determine k(-84).
1
Let d(r) = -17*r**2 + 5*r - 4. What is d(1)?
-16
Let s(g) = 2*g**3 + 6*g**2 + g + 16. Calculate s(-6).
-206
Let k(i) = -33*i**2 + 11*i - 12. Give k(1).
-34
Let d(u) = 169*u + 30575. Give d(-181).
-14
Let c(a) = -2*a**2 + 151*a + 518. Give c(79).
-35
Let l(g) = -55*g + 2367. What is l(45)?
-108
Let d(q) = 3*q**2 + 165*q - 6. Give d(-55).
-6
Let s(j) = -5*j**2 - 136*j - 479. Give s(-23).
4
Let r(y) = -3*y**2 + 14*y + 2. Calculate r(7).
-47
Let r(s) = 2*s - 120. Calculate r(9).
-102
Let i(m) = -m**3 + 14*m**2 - 10*m + 9. Calculate i(13).
48
Let b(z) = -z**2 + 275*z + 12247. What is b(-39)?
1
Let c(p) = -p**2 - 21*p - 3. Calculate c(-22).
-25
Let l(j) = -4*j**3 + 65*j**2 - 34*j + 122. Calculate l(15).
737
Let a(v) = -v**3 - 30*v**2 - 146*v - 531. Give a(-25).
-6
Let v(g) = -g**3 - 31*g**2 - 3*g - 257. Calculate v(-31).
-164
Let c(f) = -6*f + 62. Calculate c(-22).
194
Let s(h) = -h**3 + 36*h**2 - 215*h - 45. What is s(8)?
27
Let c(j) = 5*j**2 + 8*j + 1. Determine c(2).
37
Let n(t) = 10*t**3 - 109*t**2 - 9*t + 56. Give n(11).
78
Let b(i) = 3*i**2 - 43*i - 278. What is b(19)?
-12
Let i(y) = -57*y**2 + 26*y - 14. Calculate i(2).
-190
Let p(g) = g**3 + 4*g**2 - 12*g - 39. Give p(-5).
-4
Let g(o) = 49*o**3 - 3*o - 4. Calculate g(-2).
-390
Let d(b) = -b**3 - 21*b**2 + 10*b + 20. Calculate d(-6).
-580
Let t(w) = -w**3 + 13*w**2 + 2*w - 249. Calculate t(11).
15
Let n(m) = -136*m**2 - 816*m + 7. Calculate n(-6).
7
Let w(m) = -m**3 + 25*m**2 - 36*m + 834. Calculate w(25).
-66
Let l(h) = h**3 + 41*h**2 + 90*h + 507. Give l(-39).
39
Let p(r) = r**2 + 544*r + 2158. Calculate p(-4).
-2
Let i(s) = s**3 - 29*s**2 - 31*s - 3. Calculate i(30).
-33
Let g(h) = -h**3 + 92*h**2 - 274*h + 586. Calculate g(89).
-37
Let y(b) = -b**3 - 7*b**2 - 91*b - 324. Give y(-4).
-8
Let x(j) = j**3 + 12*j**2 - 324*j + 23. Calculate x(-25).
-2
Let g(c) = 6*c**2 - 217*c - 182. What is g(37)?
3
Let y(m) = -5*m - 266. Determine y(-57).
19
Let l(g) = -g**2 - 157*g - 4118. What is l(-120)?
322
Let g(q) = -2*q**2 + 359*q - 15967. Give g(98).
7
Let x(j) = -3*j**3 + 17*j**2 - 30*j + 58. Give x(4).
18
Let l(c) = -122*c + 308. What is l(2)?
64
Let y(a) = -161*a**2 + 2423*a - 95. Give y(15).
25
Let n(f) = -f**2 + 36*f - 166. Calculate n(21).
149
Let r(v) = -14*v**2 - 104*v - 91. Give r(-6).
29
Let m(l) = l**2 - 69*l - 6458. Determine m(-53).
8
Let f(u) = 35*u**2 + 734*u - 22. Determine f(-21).
-1
Let h(a) = 2*a**3 + 5*a**2 + 8*a + 4. Determine h(-1).
-1
Let t(w) = -51*w - 237. Give t(-5).
18
Let h(a) = -3*a**2 + 44*a - 18. What is h(15)?
-33
Let p(v) = -286*v - 1133. Determine p(-4).
11
Let c(o) = -2*o**3 + 139*o**2 - 77*o + 348. What is c(69)?
-204
Let j(u) = -u**3 + 23*u**2 - 121*u + 6. Determine j(8).
-2
Let i(a) = 94*a**2 + 641*a - 109. Give i(-7).
10
Let v(a) = a**3 + 58*a**2 + 207*a - 485. Give v(-54).
1
Let n(q) = -q**3 - 6*q**2 + 66*q - 84. Determine n(-12).
-12
Let i(l) = l**2 - 19*l - 50. Determine i(21).
-8
Let x(d) = 91*d + 74. Give x(0).
74
Let c(j) = 29*j**2 + 319*j + 2. Calculate c(-11).
2
Let a(m) = -m**3 - 22*m**2 + 67*m - 194. Give a(-25).
6
Let o(y) = 20*y - 1145. What is o(56)?
-25
Let n(u) = -55*u**3 + 288*u**2 - 73*u + 11. What is n(5)?
-29
Let f(z) = z**3 - 8*z**2 - 4*z + 15. Determine f(7).
-62
Let c(s) = -24*s + 71. Calculate c(-4).
167
Let c(h) = 102*h - 19181. Determine c(188).
-5
Let x(j) = j**2 + 7*j - 22. Give x(-14).
76
Let n(v) = v**3 - 3*v**2 + 3*v - 51. Give n(0).
-51
Let p(c) = 42*c**2 - 796*c - 4. Determine p(19).
34
Let u(q) = -q**3 + 19*q**2 + 7*q - 50. Give u(19).
83
Let d(p) = -p**2 - 41*p + 791. Give d(-55).
21
Let g(a) = 89*a - 28. What is g(0)?
-28
Let u(m) = 26*m + 71. Determine u(-9).
-163
Let a(v) = -3*v**2 + 17*v + 1. Determine a(-5).
-159
Let v(i) = 695*i + 32004. Determine v(-46).
34
Let p(t) = -t**3 + 9*t**2 + 24*t - 24. What is p(11)?
-2
Let k(i) = -2*i**2 + 12*i + 90. What is k(11)?
-20
Let k(x) = -10*x**2 + 24*x + 2. Determine k(6).
-214
Let m(n) = n**2 - 37*n - 4